24 is divided by 252?
48
What is the remainder when 71864 is divided by 10?
4
What is the remainder when 220 is divided by 26?
12
What is the remainder when 4499 is divided by 319?
33
Calculate the remainder when 35768 is divided by 11900.
68
What is the remainder when 589995 is divided by 642?
639
Calculate the remainder when 424 is divided by 93.
52
Calculate the remainder when 12994 is divided by 382.
6
What is the remainder when 1091 is divided by 927?
164
What is the remainder when 3424 is divided by 11?
3
What is the remainder when 14531 is divided by 15?
11
Calculate the remainder when 16851 is divided by 82.
41
Calculate the remainder when 18878 is divided by 53.
10
What is the remainder when 26969 is divided by 1865?
859
Calculate the remainder when 2875 is divided by 581.
551
What is the remainder when 740807 is divided by 693?
683
Calculate the remainder when 22166 is divided by 6.
2
Calculate the remainder when 12939 is divided by 164.
147
Calculate the remainder when 832607 is divided by 16.
15
What is the remainder when 1189843 is divided by 26?
5
Calculate the remainder when 3425 is divided by 95.
5
What is the remainder when 359 is divided by 154?
51
Calculate the remainder when 5505 is divided by 371.
311
What is the remainder when 6308 is divided by 788?
4
Calculate the remainder when 4005 is divided by 333.
9
What is the remainder when 3088 is divided by 29?
14
Calculate the remainder when 9624 is divided by 64.
24
What is the remainder when 2048454 is divided by 682809?
27
Calculate the remainder when 184329 is divided by 401.
270
Calculate the remainder when 1013 is divided by 655.
358
Calculate the remainder when 517922 is divided by 596.
594
What is the remainder when 147230 is divided by 229?
212
Calculate the remainder when 622 is divided by 48.
46
Calculate the remainder when 14340 is divided by 7165.
10
Calculate the remainder when 6800 is divided by 1021.
674
Calculate the remainder when 36662 is divided by 6107.
20
What is the remainder when 57886 is divided by 14?
10
What is the remainder when 22867 is divided by 15?
7
What is the remainder when 225212 is divided by 29?
27
What is the remainder when 3051 is divided by 48?
27
Calculate the remainder when 1472 is divided by 385.
317
What is the remainder when 6073 is divided by 1831?
580
Calculate the remainder when 403351 is divided by 4384.
23
Calculate the remainder when 1425 is divided by 310.
185
Calculate the remainder when 139445 is divided by 18.
17
Calculate the remainder when 964 is divided by 487.
477
What is the remainder when 19886 is divided by 26?
22
Calculate the remainder when 715616 is divided by 23.
17
Calculate the remainder when 3326900 is divided by 504.
500
What is the remainder when 11696 is divided by 2318?
106
What is the remainder when 13511 is divided by 3376?
7
What is the remainder when 4720 is divided by 1174?
24
Calculate the remainder when 753 is divided by 263.
227
What is the remainder when 106991 is divided by 224?
143
Calculate the remainder when 108863 is divided by 29.
26
What is the remainder when 6255 is divided by 330?
315
Calculate the remainder when 3864 is divided by 53.
48
Calculate the remainder when 17922 is divided by 127.
15
What is the remainder when 22770 is divided by 59?
55
What is the remainder when 390 is divided by 44?
38
What is the remainder when 948 is divided by 310?
18
What is the remainder when 486 is divided by 479?
7
Calculate the remainder when 299558 is divided by 463.
460
Calculate the remainder when 1274422 is divided by 475.
472
What is the remainder when 7530 is divided by 1862?
82
What is the remainder when 18348 is divided by 49?
22
Calculate the remainder when 11095 is divided by 72.
7
What is the remainder when 28528 is divided by 14253?
22
What is the remainder when 104742 is divided by 1541?
1495
What is the remainder when 14401 is divided by 600?
1
Calculate the remainder when 5680 is divided by 226.
30
Calculate the remainder when 151144 is divided by 8890.
14
Calculate the remainder when 11131 is divided by 121.
120
What is the remainder when 50379 is divided by 44?
43
What is the remainder when 12269 is divided by 132?
125
What is the remainder when 11564 is divided by 1918?
56
Calculate the remainder when 25466 is divided by 12632.
202
Calculate the remainder when 1031 is divided by 15.
11
What is the remainder when 31272 is divided by 436?
316
Calculate the remainder when 28798 is divided by 30.
28
What is the remainder when 63847 is divided by 420?
7
Calculate the remainder when 1221651 is divided by 609.
606
What is the remainder when 21178 is divided by 146?
8
Calculate the remainder when 18064494 is divided by 613.
610
Calculate the remainder when 190816 is divided by 1590.
16
What is the remainder when 219232 is divided by 109589?
54
Calculate the remainder when 35294 is divided by 41.
34
Calculate the remainder when 28604 is divided by 447.
443
What is the remainder when 203776 is divided by 52?
40
Calculate the remainder when 446423 is divided by 267.
266
What is the remainder when 112562 is divided by 717?
710
Calculate the remainder when 1115028 is divided by 677.
9
What is the remainder when 15938 is divided by 104?
26
What is the remainder when 5655 is divided by 91?
13
Calculate the remainder when 198347 is divided by 184.
179
Calculate the remainder when 126296 is divided by 31.
2
Calculate the remainder when 76559 is divided by 63.
14
Calculate the remainder when 6001 is divided by 2546.
909
What is the remainder when 15253 is divided by 246?
1
Calculate the remainder when 33059 is divided by 39.
26
Calculate the remainder when 182475 is divided by 50.
25
What is the remainder when 79887 is divided by 2276?
227
Calculate the remainder when 9769 is divided by 1623.
31
What is the remainder when 32224 is divided by 54?
40
What is the remainder when 285826 is divided by 70?
16
Calculate the remainder when 43515 is divided by 240.
75
What is the remainder when 56376 is divided by 50?
26
What is the remainder when 18634 is divided by 1863?
4
Calculate the remainder when 26398 is divided by 852.
838
Calculate the remainder when 55960 is divided by 7994.
2
Calculate the remainder when 55270 is divided by 422.
410
What is the remainder when 14040 is divided by 3109?
1604
What is the remainder when 41982 is divided by 115?
7
What is the remainder when 86476 is divided by 29?
27
Calculate the remainder when 3637 is divided by 1205.
22
Calculate the remainder when 17925 is divided by 13.
11
What is the remainder when 124499 is divided by 92?
23
What is the remainder when 4149 is divided by 375?
24
Calculate the remainder when 5492 is divided by 5363.
129
Calculate the remainder when 13745 is divided by 4567.
44
What is the remainder when 25092 is divided by 1792?
4
Calculate the remainder when 44420 is divided by 36.
32
Calculate the remainder when 36604 is divided by 28.
8
What is the remainder when 24371 is divided by 1620?
71
Calculate the remainder when 14472 is divided by 188.
184
Calculate the remainder when 9967 is divided by 1236.
79
Calculate the remainder when 3089 is divided by 703.
277
What is the remainder when 151714 is divided by 28?
10
What is the remainder when 5641 is divided by 5618?
23
What is the remainder when 5952 is divided by 1189?
7
What is the remainder when 2366 is divided by 103?
100
What is the remainder when 27699 is divided by 325?
74
Calculate the remainder when 2755002 is divided by 849.
846
What is the remainder when 55407 is divided by 827?
825
Calculate the remainder when 213500 is divided by 167.
74
What is the remainder when 3383 is divided by 44?
39
What is the remainder when 1393 is divided by 149?
52
Calculate the remainder when 2379 is divided by 822.
735
What is the remainder when 5565 is divided by 36?
21
Calculate the remainder when 20802 is divided by 110.
12
Calculate the remainder when 27110 is divided by 1042.
18
Calculate the remainder when 14879 is divided by 14725.
154
Calculate the remainder when 6497 is divided by 75.
47
Calculate the remainder when 21384 is divided by 519.
105
Calculate the remainder when 277436 is divided by 92475.
11
Calculate the remainder when 2392 is divided by 57.
55
What is the remainder when 1051 